e first derivative of -d**2 + 11*d - 1. Let n be a(8). Is w(n) a composite number?
False
Let i be (6/(-8))/((-1)/24). Let c = i - 9. Is c composite?
True
Is ((-2)/(-6))/(7/7833) composite?
False
Let g(z) = -z - 2. Let b be g(-3). Let v be b/(-1)*-1 - 2. Is (v - -4)*(-4)/(-6) composite?
False
Let g = 2 + -6. Let p be (-1)/(-4) - 55/g. Let m = -1 + p. Is m composite?
False
Suppose -936 - 3244 = -5*t. Is (-6)/(-8) + t/16 prime?
True
Let d = 8 + -8. Let i = d - -5. Suppose -5 = -i*m - o + 52, 0 = -2*m - 4*o + 30. Is m prime?
True
Let x = -4 - -4. Suppose 0 = -3*h + i + 767, 2*h - 2*i + i - 510 = x. Is h a prime number?
True
Suppose 0*t = 2*t - 1474. Is t a composite number?
True
Let h(y) = 13*y - 6. Let f be h(5). Let j(k) = -k**2 + 9*k - 16. Let d be j(9). Let o = d + f. Is o composite?
False
Let l(q) = 79*q - 6. Let u(r) = 17696*r - 1343. Let h(j) = 1343*l(j) - 6*u(j). Suppose -5 = 3*z + 5*k + 8, 4*z = 5*k + 6. Is h(z) a prime number?
True
Let i(x) = -364*x**3 + 5*x**2 + 5*x + 9. Is i(-2) prime?
False
Let k(t) = -t**3 - 3*t**2 - 14*t + 11. Is k(-9) a composite number?
True
Suppose 18 = 9*f - 3*f. Suppose 0 = -5*w - f*i + 1297, 0 = -5*w - 2*i + 6*i + 1269. Is w a composite number?
False
Suppose 0 = -n - 2*z - 5, 2*z + 8 = -0. Let v be n/(-2) - 69/(-6). Suppose -v = -2*h - 8*p + 3*p, 0 = -5*p - 20. Is h a prime number?
False
Let b be (-178)/(-2) + (-2 - -3). Suppose 4*x = 5*s - b, 10 = -5*s + x + 115. Is s a composite number?
True
Let c = -1760 + 2745. Is c composite?
True
Let w(l) = -11*l - 7. Is w(-10) a prime number?
True
Let q(p) = 5*p**2 + 5*p - 9. Suppose 0 = 2*d - 11 - 9. Is q(d) composite?
False
Let f(k) be the first derivative of k**3 + k**2 + 2*k + 2. Is f(-2) a composite number?
True
Let v(n) = 15*n + 2. Let p be 0/(2*2/(-4)). Suppose 3*i - a = -p*i + 15, 4*a = 3*i - 15. Is v(i) prime?
False
Let r = 4 + -1. Suppose r*k + 183 = 6*k. Let j = -6 + k. Is j composite?
True
Let x(t) = t**3 - 6*t**2 + 7*t - 7. Let o be x(5). Let m(k) = 148*k - 4. Let r be m(o). Is (2/(-4))/((-4)/r) a composite number?
True
Let c(t) = 367*t + 55. Is c(8) prime?
False
Is ((-86)/(-2))/(7/49) prime?
False
Let x = -1463 + 2442. Is x prime?
False
Let a be -3*(1 + -2 - 0). Let y = a - 3. Suppose y*u - 111 = -3*u. Is u prime?
True
Is (-6064)/(-48) + (-4)/(-6) composite?
False
Let a = -270 + 539. Let k = 461 - a. Let o = k - 51. Is o a composite number?
True
Let n(o) = -2*o**2 + 4*o + 22. Let s(y) = -1. Let z(k) = -n(k) - 5*s(k). Is z(12) prime?
True
Suppose 24 = -5*y + 4, -4*m = 5*y + 24. Let t(w) = -13*w. Is t(m) composite?
False
Let k(f) = 7*f**2 - 7*f + 1. Let c be (7/14)/((-2)/(-16)). Suppose d - c = 1. Is k(d) composite?
True
Suppose 0 = -3*x + 12, 2*x - 6 - 11 = -3*p. Let u be (-1 + 2)*p/1. Suppose -2*h = u*h - 185. Is h prime?
True
Let s = 3 + 16. Let u = 308 - s. Is u a composite number?
True
Let n = -10 - -36. Is n composite?
True
Let w = -542 + 919. Is w composite?
True
Let q(p) = 147*p**2 + 6*p + 5. Is q(-4) a composite number?
False
Is 2 + 4/2 + 219 a prime number?
True
Let j be (-2)/((-5)/((-2290)/4)). Let f = 94 + j. Is 4/6*f/(-6) prime?
False
Let s(y) = 22*y**2 + 20*y - 29. Is s(15) composite?
True
Let p(s) = 53*s + 6. Let i be p(-10). Let y be -1 - (i + 2/(-2)). Suppose 6*j = 2*j + y. Is j composite?
False
Suppose 4*i - 648 = -5*k, -801 = -9*i + 4*i - 4*k. Is i a composite number?
False
Let p(u) = -u**2 + 7*u + 10. Let a be p(7). Suppose -a = f + 4. Is 2/7 - 178/f a prime number?
True
Let i = 1073 - 571. Is i a composite number?
True
Suppose 5*i = -q + 29, 5*i - 4*i + 15 = 5*q. Suppose 104 = i*k - 221. Is k a composite number?
True
Let x(i) = i**2 + 28. Let r be x(0). Suppose 0 = -z - z + r. Is z a composite number?
True
Let y = -9 + 13. Suppose -20 = -y*k - k. Suppose -3*j + 17 = 5*b - 240, 0 = b - k*j - 33. Is b a prime number?
False
Suppose -5*m = -8*m. Suppose t + 3*t - 76 = m. Is t composite?
False
Suppose -483 = -4*k + 3*h, 2*h + 2*h - 236 = -2*k. Is 1/1 - k/(-4) a prime number?
True
Let t(j) = 3*j**2 + j + 0*j + j. Is t(-3) a prime number?
False
Let j(z) = -10*z**3 + z**2 - 6*z - 4. Let y(m) = -3*m + 3. Let v be y(2). Is j(v) a composite number?
False
Let l(h) be the third derivative of h**5/60 - h**4/4 - 4*h**2. Let i be l(-5). Let f = 92 - i. Is f a composite number?
False
Suppose -4*u + 46 = -46. Let h = 49 - u. Is h a composite number?
True
Suppose 3*w + 4*h - 46 = 0, -w + 4*w - 71 = h. Let l = 77 - w. Is l a composite number?
True
Suppose 2*b + 2*s - 64 = 156, -437 = -4*b - 5*s. Is b prime?
True
Let h(y) = -13*y + 9. Is h(-14) a composite number?
False
Suppose 2*r + 2*r = 3356. Is r a prime number?
True
Let w(u) = 15*u**2 - u - 1. Let f be w(2). Suppose 0 = -4*p + f + 67. Is p composite?
False
Is (-3)/30*-4276*10/4 prime?
True
Suppose 3*s + 4 + 5 = 3*z, -5*s = 0. Suppose 24 = -z*u - 4*k + 834, 2*u = 2*k + 540. Suppose 4*h + 10 - u = 0. Is h a composite number?
True
Suppose 3*g - 8 = -2*i, -5*i + g = -11 - 9. Suppose -b - r = -3*r - 45, -4*b + i*r = -164. Is b a composite number?
False
Let s = -2 - 6. Let l(g) = -5*g**2 - 7*g + 4. Let v(d) = 4*d**2 + 8*d - 3. Let i(h) = 2*l(h) + 3*v(h). Is i(s) prime?
True
Let o = 115 - -48. Is o composite?
False
Let x = 123 + 20. Is x a prime number?
False
Suppose -7*z + 151 + 206 = 0. Is z a prime number?
False
Let n(w) = w + 5. Let u be n(-5). Let q(r) = r + 69. Is q(u) a composite number?
True
Let r(s) be the first derivative of 2*s**5/15 + s**4/12 + s**3/6 + s**2/2 + 2. Let h(g) be the second derivative of r(g). Is h(2) a prime number?
True
Let x(d) = -d + 4. Let w be x(2). Let v(f) = 1 - 3*f**2 - 47*f**3 + f**w + 11*f**3. Is v(-1) prime?
False
Let s = -409 - -591. Suppose s = g + g. Is g prime?
False
Let q(m) = m + 9. Let w be q(-10). Is (-540)/(-3) + -1 + w prime?
False
Suppose -2*n - 660 - 200 = -2*c, 0 = 4*c + 3*n - 1685. Suppose 2*a = -3*a + c. Is a composite?
True
Suppose a = -o - 3*a + 14, 3*o + 5*a - 21 = 0. Let q(h) = -3 - 3*h**o - 2 - 3*h + 0*h - 2*h**3. Is q(-4) a prime number?
False
Let p(h) = -h**2 + 3*h - 4. Let w be p(3). Is (-199)/(-3)*(7 + w) a composite number?
False
Suppose 2*z = d + 5, -2*d = -0*d + z - 10. Suppose 0 = -h + d*h - 102. Is h prime?
False
Let y = 4 + -2. Let v(a) = -1 - 5 - 7*a**y - 2*a + a**3 + 3*a**2. Is v(5) a composite number?
True
Let l(d) = -13*d**3 - 3*d**2 - 8*d + 5. Is l(-4) a prime number?
True
Let w be 1*(0 - 1) - -10. Let x(m) = -m**3 + 12*m**2 + 7*m + 4. Let t be x(w). Let r = 453 - t. Is r a composite number?
True
Let q(x) = x**3 - x + 1. Let a be q(1). Let k be 17 + (1 - 0/a). Is (-4)/k - (-1307)/9 a composite number?
True
Suppose 2*p + s - 28 = 0, -3*p - 2*s = -14 - 27. Suppose -2*f + p = f. Suppose -40 = -2*z - f*y, -4*z + 55 + 47 = -y. Is z composite?
True
Suppose 0 = 14*c - 26*c + 43068. Is c composite?
True
Let s(t) = t**3 + t**2 - 3*t + 1. Let y be s(2). Is (7/2)/y*22 composite?
False
Is 348/(-6)*23/(-2) composite?
True
Let p(h) = -2*h**3 + 3*h**2 - 2*h - 4. Is p(-3) prime?
True
Let n(u) = 2*u + 13. Is n(0) a prime number?
True
Let o(r) = 137*r - 2. Is o(5) composite?
False
Suppose 4*c - 7*c + 1764 = 0. Let v = -401 + c. Is v a prime number?
False
Let l = -156 + 259. Is l composite?
False
Let h(q) = 131*q**2 + 1. Let v be h(-1). Let m be v/(-18)*39/2. Let s = -92 - m. Is s prime?
False
Suppose -6*h + 505 = -2*h + g, -h + 2*g + 133 = 0. Is h composite?
False
Suppose 5*a + 36 = -4*f, 3*a + 5*f + 28 = a. Let w = a - -2. Is (52/6)/(w/(-3)) prime?
True
Let f = 6 + 1. Is f composite?
False
Suppose -37*q = -31*q - 18882. Is q a composite number?
True
Let u(d) = -2*d**2 + 2*d. Let s be u(2). Let f be 5 + s + (0 - -1). Suppose f*h = 5*w - w - 994, -4*h - 482 = -2*w. Is w prime?
True
Let f(o) = -o**2 - o + 67. Let g be (-1)/3 - 7/(-21). Is f(g) prime?
True
Suppose 0 = 4*h + s - 357, 3*h - 122 = 2*s + 143. Is h a composite number?
False
Let t be (-20)/8*-5*8. Let u = t + 27. Is u prime?
True
Let t = 55 - 38. Suppose -3*u = -7 - t. Suppose u = -2*v + 46. Is v a composite number?
False
Is ((1 - 6) + -101)*74/(-4) a prime number?
False
Suppose -3*k + 32 = 4*w, 29 - 4 = 5*w. Suppose k*r - 31 = 237. Is r a composite number?
False
Is 0 - 1893/(-3 - 0) a composite number?
False
Let p be (4/2)/((-2)/(-167)). Suppose 2*x - 5*o - p = -x, 2*x + 2*o - 90 = 0. Is x a 